 of 0 + 0*q + 1/60*q**5 - 1/8*q**4 - 1/2*q**3 + 12*q**2. Calculate i(4).
1
Let d(w) = -2*w**3 + 12*w**2 + 4*w - 8. Let y(r) = 3*r**3 - 13*r**2 - 3*r + 7. Let h(n) = 4*d(n) + 3*y(n). Calculate h(-8).
-3
Suppose -b + 19 = 26. Let k(v) = -4*v - 8. Let y(a) = 3*a + 7. Let j(c) = 4*k(c) + 6*y(c). Determine j(b).
-4
Let v(z) = z - 4. Let j(l) be the third derivative of -7*l**5/60 + l**3/6 + 9*l**2. Let m be j(-1). Determine v(m).
-10
Let c be -3 + 2 + (1 - -2). Suppose -2*m = m, -25 = 5*k - 4*m. Let n(f) = -f. Let i(o) = o. Let u(t) = k*i(t) - 6*n(t). What is u(c)?
2
Let d(a) = a**3 + 29*a**2 + 26*a - 47. Let o be d(-28). Let r(g) = -g**2 + 8*g + 2. Calculate r(o).
-7
Let n(z) = 7*z**2 - 20*z + 17. Let s(k) = 12*k**2 - 39*k + 33. Let i(l) = -7*n(l) + 4*s(l). Determine i(-17).
-4
Let z(k) = 23*k + 10. Let g(f) = -29*f - 9. Let w(o) = -4*g(o) - 5*z(o). Determine w(17).
3
Let d(r) be the first derivative of -r**2 + 0*r - 1/3*r**3 - 3. Suppose -4*q - 17 = -s, q - 3*q + s = 11. Give d(q).
-3
Let q(b) = -b**2 - 2*b + 17. Let a = 30 + -35. Let n be q(a). Let w(r) = 4*r - 5*r - 1 + 0. Give w(n).
-3
Let m(k) = k**3 + 11*k**2 + 9*k - 7. Let o = 85 + -95. Calculate m(o).
3
Let f(i) be the third derivative of -i**4/12 + 239*i**2. Let u(n) = -n**3 + n**2 + 3*n - 1. Let c be u(2). Give f(c).
-2
Let n(c) = c**2 - 2*c + 1. Suppose 5*l - 3 = 4*l - 2*r, 0 = 3*l - r - 16. Suppose -4*y - d = 4*d - 16, l*y = 2*d + 20. Suppose -o = -y*o + 15. What is n(o)?
16
Let b = -24 - -26. Suppose -b*m - 35 = -9*m. Let u(a) = 2*a - 6. What is u(m)?
4
Let y be 1/3 - (-5)/3. Let b be y/(-6)*0 + 10. Suppose 5*f - b = 0, 3*j + f = -2*j + 37. Let q(g) = g**3 - 6*g**2 - 8*g + 5. Determine q(j).
-2
Let h(m) = 2 - 26*m + 38*m - 17*m. Determine h(-4).
22
Let x(f) = -f**2 + 10*f - 12. Let j be x(8). Suppose 29 = 2*n + j*b + 11, -2*n = -5*b. Let k(p) = p**3 - 4*p**2 - p - 7. Calculate k(n).
13
Let f(b) = 32*b + 123. Let s be f(-4). Let i(t) = -t**3 - 5*t**2 - t - 7. Determine i(s).
-2
Let j(w) = 2*w**3 - 2*w**2 - 2*w. Let x = 71 - 32. Suppose 2*t + 4*b - 71 = -3*t, -5*t + 4*b + x = 0. Suppose -t*n = -8*n - 6. Determine j(n).
4
Suppose 10*s - 14*s = -136. Let f = s + -33. Let b(r) be the second derivative of 3*r**5/10 + r**4/12 - r**3/3 + r**2/2 + r. Give b(f).
6
Let g(i) = 1. Let v(t) = -t + 4. Let w(u) = 5*g(u) - v(u). Let j = 23 - 26. Let k be 3*j*(-6)/(-27) - 1. Give w(k).
-2
Let i(f) = 7*f**2 - 5. Let o(s) = 2*s**2 - s - 2. Let w(u) = i(u) - 3*o(u). Calculate w(-7).
29
Let z(o) be the second derivative of o**3/2 - 6*o**2 - 110*o - 2. Calculate z(0).
-12
Let f(t) be the first derivative of t**4/4 + 10*t**3/3 - 13*t**2/2 - 15*t + 677. Determine f(-11).
7
Let y(s) = -3*s + 2. Suppose -33*u + 205 = -158. What is y(u)?
-31
Let g(k) be the second derivative of k**5/20 - 3*k**4/4 + 3*k**3/2 + k**2 + 52*k. Determine g(8).
10
Let b = 5 - -2. Let o = b - 13. Let h be ((-12)/(-9))/((-2)/o). Let z(k) = k**3 - 6*k**2 + 6*k - 5. Give z(h).
-13
Let h(j) = -5*j**2 - 12*j + 15. Let o(g) = 12*g**2 + 24*g - 29. Let u(a) = -7*h(a) - 3*o(a). Determine u(12).
-18
Suppose 3*c = -w - 6, -3*w - 3*c = 3 + 3. Let h(x) = x**2 + 3 + 5*x - 3*x + w*x**2. Let g = 60 + -62. What is h(g)?
3
Let u(y) = -y**3 + 6*y**2 - 5*y + 3. Let r(x) = 35*x - 241. Let j be r(7). What is u(j)?
15
Let n(u) be the second derivative of u**5/20 + 11*u**4/12 + 4*u**2 - 276*u. What is n(-11)?
8
Let b(k) = 41*k - 23*k + k**2 - 19*k - 5. Give b(4).
7
Let h(w) = 2*w - 13. Let q = 801 - 795. What is h(q)?
-1
Let n(d) = -d**2 - d - 3. Let m be n(0). Let p be ((-10)/(-3) + m)*-6. Let z be 9 - 2 - (p + 3). Let w(b) = -b**3 + 5*b**2 + 4*b + 8. Calculate w(z).
-4
Let a(s) be the third derivative of -1/2*s**3 - 1/10*s**5 + 5/24*s**4 + 0*s + 1/120*s**6 - 12*s**2 + 0. What is a(5)?
-3
Let f(u) = -17*u - 20. Let m(a) = 7*a + 20. Let l(v) = -3*v - 10. Let q(g) = 11*l(g) + 6*m(g). Let t(j) = 6*f(j) + 11*q(j). What is t(-7)?
11
Let m(v) be the first derivative of 2*v**3 + 4 + 0*v**2 + 1/4*v**4 - 3*v. Calculate m(-6).
-3
Let l be 2 + (4/(-1) - -3). Let b(t) = -1. Let d(x) = x**2 - x + 1. Let j(n) = l*d(n) + 2*b(n). Determine j(4).
11
Let o be ((-162)/(-189))/(4/(-42)*-3). Let z(w) be the third derivative of -w**4/24 - 2*w**3/3 - 2*w**2. Calculate z(o).
-7
Suppose 2*x = -0*x - 4*f - 12, -3*f - 2 = 5*x. Let n be x/(-1) + 2 - 17. Let k = n + 22. Let y(c) = c**3 - 5*c**2 + c - 6. Calculate y(k).
-1
Suppose -3*c + 2*f + 4 = -5*c, 5*c = 2*f - 10. Suppose 23*a + 40 = -52. Let b be (c - a)/(-2) - 1. Let u(o) = 3*o + 2. Give u(b).
-4
Let s(q) = 23*q**2 - 78*q - 33. Let w(b) = -15*b**2 + 52*b + 21. Let h(v) = -5*s(v) - 8*w(v). Give h(5).
-8
Let i(x) be the second derivative of x**4/24 - x**2/2 + 15*x. Let l(n) be the first derivative of i(n). What is l(1)?
1
Let b be (18/(-15))/((-12)/5 - -2). Let w be 2/(-10) - 44/(-20). Let x(g) = 3*g**3 + 3 - 4*g**3 + 2*g**w - 6 + 5*g. What is x(b)?
3
Let v(f) = 862 - 283 - 291 - f - 289. What is v(-5)?
4
Let i(n) = n - n**3 + 263 + 2*n**3 - 2*n - 247. Give i(0).
16
Let y(k) = -k**3 - k**2 + k + 7. Suppose 0 = 2*l + 94 - 94. Give y(l).
7
Let v(i) = 4*i + 1. Let k(j) = 23*j + 27. Let r(b) = k(b) - 6*v(b). Determine r(11).
10
Let h(b) = 12 - 14*b + 22*b - 5 + b**2. Let s be h(-8). Let c(k) = -k**3 + 8*k**2 - 8*k + 9. Let a be c(s). Let y(x) = x**2 - 2*x + 2. Give y(a).
2
Let p(l) = l**2 + 2*l - 5. Suppose -1 + 7 = -3*c. Let j(u) = -3*u**2 + u + 2. Let s be j(c). Let o be 40/s - (-2)/(-3). Calculate p(o).
3
Let b be (-21)/(-9) - (-80)/120. Let n(h) = -h**2 - 7*h - 4. Let d be n(-6). Let s(a) = 0 + a + 1 + d. What is s(b)?
6
Let a(d) = -5 + d**2 - 11 + 38707*d - 38707*d. Calculate a(0).
-16
Suppose -217 + 145 = -12*v. Let n(w) = w - 11. Calculate n(v).
-5
Suppose -4*z - 7 + 15 = 0. Let s(k) = 3 + k - 2 + z*k - 5*k. Calculate s(5).
-9
Let b(u) be the first derivative of u**4/4 + 2*u**3 + 2*u**2 + 9*u - 55. What is b(-6)?
-15
Let v(x) = x**2 + x - 3. Let l(u) = -21*u - 86. Let p be l(-4). What is v(p)?
-1
Let j(a) = -13*a**3 + 6 - 4*a**2 + 0*a**3 + 6*a + 12*a**3. Determine j(-4).
-18
Let u(g) = g**2 - 7*g + 6. Suppose -3*b + 8 + 1 = 0. Suppose b*p = -p + 16. Calculate u(p).
-6
Let a(y) be the third derivative of -y**4/12 + 2*y**3/3 - 306*y**2 + 2. Determine a(5).
-6
Let v(t) = t - 1. Let k(j) = 3*j**2 + 4*j - 3. Suppose -4*h = 8 + 8. Let s(i) = h*v(i) + k(i). Give s(2).
13
Let r(g) = g - 2. Let j be r(3). Suppose -49*q = -46*q - 3. Let w(x) = 2*x**3 + 4*x**3 + 3*x**3 - 2*x + q. Give w(j).
8
Suppose 5*y + 16 = -3*t, -3*y - 5*t + 10 = -2*y. Let x(k) = -6*k**2 - k**3 - 8 - 6*k + 6 - 7 + 3. What is x(y)?
-1
Let w(m) = -m**3 + 3*m**2 + 7*m - 3. Let k(s) = 3 - 1 - 39*s + 38*s. Let y(j) = -2*k(j) - w(j). Calculate y(4).
-5
Let z(v) = 5*v + 5. Suppose a = 2*y + 2*y + 22, -4*y = -4*a + 40. Let l(s) = 5*s + 4. Let n(h) = a*z(h) - 7*l(h). Determine n(2).
-8
Let z(c) = c**2 - 6*c - 5. Suppose 0 = 3*h + d - 10, 3*h = 2*h + 2*d + 8. Suppose -h*b + 7 = -41. Suppose -4*j = -12 - b. Calculate z(j).
-5
Suppose -10 = -4*o + 5*o. Let b(v) = v**2 + 10*v + 3. Let p be b(o). Let t(k) be the third derivative of -k**5/60 + 5*k**4/24 - k**3/6 + k**2. What is t(p)?
5
Let h(c) = 3 - 1 - 2 - 6*c + 5 + 5*c. Give h(7).
-2
Suppose -3*v = -14 + 2. Suppose 0*i + i - 5*l + 8 = 0, -v*i = 2*l - 34. Let t(j) = 4*j + 10 - 5*j - 3. Calculate t(i).
0
Let o(m) be the third derivative of m**6/120 + m**5/3 - 15*m**4/8 - 23*m**3/6 + 134*m**2 - 2*m. Calculate o(-22).
-1
Let n(p) = p**3 + 9*p**2 - 12*p + 13. Suppose -140*r = -138*r + 20. Determine n(r).
33
Let a(u) = 8*u**2 - 32*u + 2. Let k be a(4). Let m(s) be the first derivative of -3*s - 1/4*s**4 - k*s**3 - 5 + 0*s**2. What is m(-6)?
-3
Let u(g) = -g - 15. Let r be (-2)/(-8) - (-56)/(-224). Give u(r).
-15
Let u(v) = v**3 - 5*v**2 + 5*v + 2. Suppose -84*o = -78*o - 24. Give u(o).
6
Let u be (16/(-7))/(18/(-63)). Let r be 58/8 - u/32. Let l(v) = -v - 3. Give l(r).
-10
Let p = -25 - -29. Let k(w) = 11*w - w**3 - 15*w + 7 - p*w + 7*w**2. Determine k(6).
-5
Let t(y) = 3*y - 2. Let p(j) = -3*j + 2. Let v(h) = 4*p(h) + 5*t(h). What is v(-7)?
-23
Suppose 2*k + 31 = 17. Let z(g) = 3*g + 15. Give z(k).
-6
Let x(v) be the second derivative of -v**3/3 - v**2 - 4*v. Let u(k) = -3*k**2 + 3*k - 4. Let y be u(3). Let f = 20 + y. Determine x(f